{"id":23,"date":"2017-01-13T13:26:48","date_gmt":"2017-01-13T13:26:48","guid":{"rendered":"http:\/\/server.paap.cup.edu.uy\/wordpress_hlab\/?page_id=23"},"modified":"2018-01-08T15:44:59","modified_gmt":"2018-01-08T15:44:59","slug":"la-propuesta","status":"publish","type":"page","link":"https:\/\/hlab.cup.edu.uy\/index.php\/la-propuesta\/","title":{"rendered":"Qu\u00e9 hacemos"},"content":{"rendered":"<div class=\"su-row\">\n<div class=\"su-column su-column-size-4-5\"><div class=\"su-column-inner su-u-clearfix su-u-trim\">\n<blockquote><p>El grupo naci\u00f3 con la\u00a0idea de\u00a0<span style=\"font-weight: 400;\">desarrollar actividades que nucleen a personas de distintos \u00e1mbitos (escolares, liceales, clubes de ciencia, carreras universitarias y p\u00fablico en general) que tengan inter\u00e9s en la tecnolog\u00eda.<br \/>\n<\/span><\/p><\/blockquote>\n<p style=\"text-align: left;\"><span style=\"font-weight: 400;\">Para nosotros la mejor manera de aprender es \u00abhaciendo\u00bb, por esa raz\u00f3n en este\u00a0espacio trabajamos en la modalidad de taller o laboratorio a partir de los intereses y proyectos que ustedes tengan.<\/span><\/p>\n<p>Vamos a desarrollar juntos\u00a0<span style=\"font-weight: 400;\">aplicaciones, m\u00e1s o menos realistas, que se apliquen a distintas\u00a0\u00e1reas, como el dise\u00f1o, la actividad cultural, el sector productivo y la salud.<br \/>\nLa tecnolog\u00eda es una herramienta transversal para crear soluciones relativas a cualquier \u00e1mbito. Utilizaremos tecnolog\u00ecas tales como tabletas, sensores de movimiento, impresi\u00f3n 3D, entre otras.<br \/>\n<\/span><\/p>\n<h3><span style=\"font-weight: 400; color: #000000;\">Si te interesa la tecnolog\u00eda este es tu\u00a0lugar.<\/span><\/h3>\n<p><a href=\"https:\/\/hlab.cup.edu.uy\/index.php\/category\/investigacion-en-nuevas-tecnologias\/\"><span style=\"font-weight: 400;\">Investigaci\u00f3n en nuevas tecnolog\u00edas<\/span><\/a><br \/>\n<a href=\"https:\/\/hlab.cup.edu.uy\/index.php\/category\/proyectos-con-instituciones-educativas\/\"><span style=\"font-weight: 400;\">Proyectos con instituciones educativas<\/span><\/a><br \/>\n<a href=\"https:\/\/hlab.cup.edu.uy\/index.php\/category\/proyectos-de-investigacion-y-desarrollo-libre\/\"><span style=\"font-weight: 400;\">Proyectos de Investigaci\u00f3n y desarrollo libre<br \/>\n<\/span><\/a><a href=\"https:\/\/hlab.cup.edu.uy\/index.php\/category\/proyectos-con-otras-instituciones\/\"><span style=\"font-weight: 400;\">Proyectos con otras instituciones<br \/>\n<\/span><\/a><a href=\"https:\/\/hlab.cup.edu.uy\/index.php\/category\/actividades-de-difusion-de-ciencia-y-tecnologia\/\"><span style=\"font-weight: 400;\">Actividades de Difusi\u00f3n de Ciencia y Tecnolog\u00eda<br \/>\n<\/span><\/a><a href=\"https:\/\/hlab.cup.edu.uy\/index.php\/category\/asesoramiento-a-emprendedores\/\"><span style=\"font-weight: 400;\">Asesoramiento a emprendedores<\/span><\/a><\/p>\n<\/div><\/div>\n<div class=\"su-column su-column-size-1-5\"><div class=\"su-column-inner su-u-clearfix su-u-trim\">\n<h2>\u00c1reas del HackLab<\/h2>\n<p><a href=\"http:\/\/hlab.cup.edu.uy\/index.php\/category\/areas\/impresion-3d\/\">Impresi\u00f3n 3D<\/a><br \/>\n<a href=\"http:\/\/hlab.cup.edu.uy\/index.php\/category\/areas\/programacion\/\">Programaci\u00f3n<\/a><br \/>\n<a href=\"http:\/\/hlab.cup.edu.uy\/index.php\/category\/areas\/tratamiento-de-imagenes\/\">Tratamiento de im\u00e1genes<\/a><br \/>\n<a href=\"http:\/\/hlab.cup.edu.uy\/index.php\/category\/areas\/robotica\/\" target=\"_blank\" rel=\"noopener noreferrer\">Rob\u00f3tica<br \/>\n<\/a><a href=\"http:\/\/hlab.cup.edu.uy\/index.php\/category\/areas\/arduino\/\">Arduino<\/a><br \/>\nActividad cultural<br \/>\nSector Productivo<br \/>\nSalud<\/p>\n<\/div><\/div>\n<\/div>\n<p>&nbsp;<\/p>\n<p>&nbsp;<\/p>\n<p>&nbsp;<\/p>\n","protected":false},"excerpt":{"rendered":"","protected":false},"author":1,"featured_media":0,"parent":0,"menu_order":0,"comment_status":"closed","ping_status":"closed","template":"template-fullwidth.php","meta":{"footnotes":""},"class_list":["post-23","page","type-page","status-publish","hentry"],"_links":{"self":[{"href":"https:\/\/hlab.cup.edu.uy\/index.php\/wp-json\/wp\/v2\/pages\/23","targetHints":{"allow":["GET"]}}],"collection":[{"href":"https:\/\/hlab.cup.edu.uy\/index.php\/wp-json\/wp\/v2\/pages"}],"about":[{"href":"https:\/\/hlab.cup.edu.uy\/index.php\/wp-json\/wp\/v2\/types\/page"}],"author":[{"embeddable":true,"href":"https:\/\/hlab.cup.edu.uy\/index.php\/wp-json\/wp\/v2\/users\/1"}],"replies":[{"embeddable":true,"href":"https:\/\/hlab.cup.edu.uy\/index.php\/wp-json\/wp\/v2\/comments?post=23"}],"version-history":[{"count":25,"href":"https:\/\/hlab.cup.edu.uy\/index.php\/wp-json\/wp\/v2\/pages\/23\/revisions"}],"predecessor-version":[{"id":1071,"href":"https:\/\/hlab.cup.edu.uy\/index.php\/wp-json\/wp\/v2\/pages\/23\/revisions\/1071"}],"wp:attachment":[{"href":"https:\/\/hlab.cup.edu.uy\/index.php\/wp-json\/wp\/v2\/media?parent=23"}],"curies":[{"name":"wp","href":"https:\/\/api.w.org\/{rel}","templated":true}]}}